m, 0*m = -5*u + 4*m + 33. Suppose 0 = u*z + 171 - 686. Let x = z - 64. What is the units digit of x?
9
Suppose f - 35 = 4*t - 118, 2*t + 4 = 0. Let g = 2 - f. What is the units digit of g?
3
Let a(x) = -41*x - 230. What is the hundreds digit of a(-25)?
7
Let q be 6/21 + -183*5/(-105). Let b(o) = 30*o - 13. What is the units digit of b(q)?
7
Let f(c) = 6*c - 14. Let q be f(6). Suppose -2*l + 6*l - q = -w, -w + 2*l + 34 = 0. What is the tens digit of w?
3
Let h be ((-9)/2)/3*-14. Let j = -14 + h. Suppose -j - 38 = -3*m. What is the units digit of m?
5
Suppose 27*m = -12680 + 46619. What is the units digit of m?
7
Suppose 233 + 467 = 2*m. What is the units digit of m?
0
Suppose 2*y = -4*x - y + 4888, 5*x + 4*y = 6110. What is the units digit of x?
2
Let l(t) = 2*t**2 + 6*t - 20. What is the hundreds digit of l(9)?
1
Suppose -7*r = 2*g - 11*r - 18, 0 = -4*r - 12. Let v(j) = 4*j - 3. What is the units digit of v(g)?
9
Suppose -25012 = -21*l - 9556. What is the hundreds digit of l?
7
Let c(w) = w**2 - 7. Let j(f) = -2*f - 3. Let x be j(-3). Let p be c(x). Suppose -4*k - 15 = -h, -h + 4*k = -p*h - 1. What is the units digit of h?
7
Let c be (78/(-8))/((-3)/64). Suppose -4*q + 3*x = -c + 27, 3*x + 9 = 0. Suppose 3*r - 2*r + q = u, 4*r = u - 55. What is the tens digit of u?
3
Suppose 4*f - 2*c = 16616, 5*c - 4143 = 107*f - 108*f. What is the tens digit of f?
5
Let p = -42 - -78. Let w = p - 12. Let o = -8 + w. What is the units digit of o?
6
Let p(s) = -s**2 + 5*s - 4. Let b be p(4). Suppose 44 = 2*r + 2*f - b*f, 3*f = r - 34. Suppose 2*l - 9 = r. What is the units digit of l?
7
Suppose -7*z + 6*z + 134 = -3*t, 5*z + 112 = -2*t. Let y = t - -134. What is the units digit of y?
8
Let f(j) = -2*j + 4. Let r be f(3). Let c be 3/r - 66/(-12). Suppose 3*p - 181 = c*z, -15 = -6*z + 3*z. What is the units digit of p?
7
Suppose 6 - 16 = -5*i. Suppose 0 = 5*c + 7 - i. What is the units digit of 1 + -1 + (-3)/c?
3
Suppose 5*q - 5 = 5*m - 0*m, -5*q = -15. Let i be (-104)/(-572) - (-4)/(-22). Suppose i = f - 11 - m. What is the tens digit of f?
1
Suppose 7*q + 3589 = 9476. What is the tens digit of q?
4
Let u be 27/18 + 514/(-4). Let r = -64 - u. What is the tens digit of r?
6
Suppose -43*n + 36*n + 2989 = 0. What is the hundreds digit of n?
4
Suppose -7*h - 1505 = -2*h. Let n be (-1)/2 + h/(-14). Let i = n + -9. What is the tens digit of i?
1
Let x(h) = -h**3 - 14*h**2 + 31*h - 11. Let b be x(-16). Let p(a) = 29*a + 11. What is the units digit of p(b)?
6
Let b = -3 - -13. What is the tens digit of (b/(-2) - -1) + 40?
3
Let y(z) = 19*z + 48. What is the tens digit of y(12)?
7
Let d = 67 + -55. Suppose -d*z + 2300 = 11*z. What is the hundreds digit of z?
1
Suppose 2*t - 1727 = 353. Suppose 7*m - t = -m. What is the units digit of m?
0
Suppose 6*d = -117 + 33. Suppose 2*w + 2*h + 9 = h, -w = 2*h + 12. What is the units digit of (2 - d/(-1))*w?
4
Let d(n) = 1 + 0 - 32*n + 11*n. Let c be 0 + -2*((-10)/4)/(-5). What is the units digit of d(c)?
2
Let x(v) be the second derivative of -v**4/12 + v**3/6 + 63*v**2/2 - 29*v. Suppose j = 4*j. What is the units digit of x(j)?
3
Suppose 0 = q + 4*q - 425. Suppose -2*n = -q - 339. What is the units digit of n?
2
Let h be (8/(-10))/(1/10). Let d(n) = -n**3 + 10*n**2 - 2*n - 6. Let b(g) = -g**3 + g**2 - g. Let x(t) = 2*b(t) - d(t). What is the units digit of x(h)?
6
Suppose 4*z + 16 = -0*k - 2*k, -2*z + 2 = -4*k. Let p be 8*k/(-4) - -136. Suppose 5*d = p - 15. What is the tens digit of d?
2
Let x be -3 + 235 + 2 + 0. Suppose 496 + x = 10*f. What is the units digit of f?
3
Suppose 0 = -3*l + 4*l - c + 7, 0 = 3*c + 3. What is the tens digit of ((-212)/l)/(1/2)?
5
Let t(b) = 4*b - 1. Let s be t(2). Suppose -q - s = 2*w - 22, 4*q = 4*w. Suppose 0 = w*g - 7*g + 114. What is the units digit of g?
7
Suppose -6*u + 266 = -1048. What is the tens digit of u?
1
Let p be 5/(-7) + (-12)/42. Let b be (p - -3)*3/2. What is the units digit of (3/(-2))/(b/(-66))?
3
Let q(s) be the second derivative of 3/4*s**4 + 1/20*s**5 + s - 1/3*s**3 + 0 + 5/2*s**2. What is the tens digit of q(-9)?
2
Suppose -5*f + 5 = h - f, 15 = -3*h + 3*f. Let m(i) be the second derivative of -i**5/10 - i**4/3 - i**3/6 + 3*i**2/2 + i. What is the tens digit of m(h)?
2
Let w(d) = d - 1. Let i be w(4). Suppose -8*p = -i*p + 5. What is the units digit of p + ((-48)/(-2))/2?
1
Let c(f) be the first derivative of -f**4/24 + 2*f**3 - 2*f**2 + 3. Let d(q) be the second derivative of c(q). What is the units digit of d(11)?
1
Let n be (-32)/(-6) + 1*6/9. What is the hundreds digit of 154/4*(-4 + n - -2)?
1
Suppose 0 = 3*u - 4*r + 227 + 142, 0 = 5*u + 4*r + 615. Let g = u + 215. What is the units digit of g?
2
Let y be 5/(-2)*(-20)/(-25). Let z be -2 - -3*y/(-2). Suppose 0 = p + z - 4. What is the units digit of p?
3
Let u = 231 - -114. What is the hundreds digit of u?
3
Suppose 4*c - 2*x - 30 = 0, -4*c + 6 = 2*x - 4. What is the tens digit of (8 + c - -5)*10/4?
4
Let y(v) be the first derivative of -v**2/2 + 14*v + 1. What is the units digit of y(11)?
3
Let l(g) = 30*g**2 + 9*g - 12. What is the tens digit of l(9)?
9
Suppose -23*f = -6297 - 5203. What is the units digit of f?
0
Let u(q) = -q - 1. Let a be u(-3). Let l be 1/(15/(-9) + a). Suppose -4 = -5*f + l*f. What is the units digit of f?
2
Suppose 2*n - 4 = 2*m - 0*n, -5*m + 4*n = 5. Suppose -50 = 5*x - 5*u, -x - m*u - 2*u + 14 = 0. What is the tens digit of -51*(4/x)/2?
1
Suppose 5*s - y = 5440, 3*s = 5*s - 5*y - 2153. Suppose -9*l + 945 = -s. What is the hundreds digit of l?
2
Let r be ((-6)/(-4))/(15/50). Suppose -r*p + 4*p = -56. What is the units digit of (-32)/p*7/(-2)?
2
Let x(f) = -2*f + 2. Let i be x(-1). Let r(a) = 11 + 7*a - i*a + 30. What is the units digit of r(0)?
1
Suppose -5*i = -9*i + 12. Suppose i*j + 1 = 4*k + 10, 2*j - 2*k - 6 = 0. Suppose 2*n - j*n + w + 5 = 0, 2*n + w = 1. What is the units digit of n?
2
Let u(c) = -c**3 + 20*c**2 + 28*c - 17. Let f be u(21). What is the tens digit of f/5 + 3*-1?
2
Let j = 31 + -29. Let r(d) = -d**3 + 10*d**2 - d**j - 7 - 7*d + 3. What is the tens digit of r(6)?
6
Let y be 136 + (6/2)/(-3). Suppose 0 = -4*x - 2*o + 109 + y, -5*o + 169 = 3*x. Let q = x - 35. What is the units digit of q?
8
Suppose 2848 = 34*v - 26*v. Suppose -2*s - 5*b = -163, b = -4*s - 3*b + v. What is the units digit of s?
4
Suppose 0 = 2*c + 46 + 16. Let g = 77 + c. What is the units digit of g?
6
Let m = 1554 - 929. Suppose o - 3*o + 2*s = -258, m = 5*o + 5*s. What is the tens digit of o?
2
Suppose -s = -2*s + 17. Let v = -17 + s. Suppose -5*x - d = -95, -4*x + 67 = -v*x - d. What is the units digit of x?
8
Let d = 2015 - 1652. What is the tens digit of d?
6
Suppose 7*s - 32 - 17 = 0. Suppose 0 = s*f - 840 - 1176. What is the hundreds digit of f?
2
Suppose 17*h - 35*h = -28314. What is the hundreds digit of h?
5
What is the units digit of (-481 - -1)*(-16)/20?
4
Suppose -2*o = 28*o - 77370. What is the tens digit of o?
7
Let j(o) = -2*o**2 + 33*o + 16. What is the units digit of j(15)?
1
Let a = -18 - -8. Let l = 5 - a. What is the units digit of l/1*72/30?
6
Let c be ((-6)/4 + 0)/((-9)/24). What is the tens digit of (364/(-3))/(-2) + c/12?
6
Let q(u) = 4*u**2 - 6*u + 10. Let l be q(4). Suppose 7 = -z + l. Suppose 7 = 5*h - z. What is the units digit of h?
0
Let d(y) = y**2 + 9*y + 2. Let q be d(-10). Let s = 34 + q. Suppose 2*j - 5*t - s = 0, j - 119 = -2*j - 5*t. What is the tens digit of j?
3
Let d(v) = -8*v - 5. Let l be d(-1). Let w(s) = s + 5. Let h be w(0). Suppose -h*j = z - 39, 114 = 5*z - 5*j + l*j. What is the tens digit of z?
2
Let f(x) = -x**2 + x. Let z(p) = -p**3 - 3*p**2 + 4*p + 27. Let n(j) = -4*f(j) + z(j). Let g be n(0). Suppose 0 = 4*v + g - 139. What is the tens digit of v?
2
Suppose -4*x + x + 5*y = -7114, 5*x + 3*y - 11868 = 0. What is the units digit of x?
3
Let h = 8 + -19. What is the tens digit of (-10 + 4)/(1/h)?
6
Let y = 609 + 349. What is the tens digit of y?
5
Let q be ((-1)/1*-1)/(13/(-26)). Let g(u) = 27*u**2 - 2*u - 5. What is the hundreds digit of g(q)?
1
Let u(f) = 4*f - 27. Let k(w) = -2*w + 4. Let g be k(-2). Let j be u(g). Suppose -5*r + n + 35 = -32, 41 = 4*r - j*n. What is the tens digit of r?
1
Suppose 2*w - 3*k - 40 = k, 3*w - 56 = 2*k. Let g = 59 + w. What